 (1 + 13 - 30) + -60 + 14 + -15?
-77
Calculate (-24 - (-23 + 65)) + 15.
-51
What is the value of 95 + (-104 - -68) + -158?
-99
Evaluate 30 + -43 + 24 - 20.
-9
Evaluate (0 - -2) + 25 + -8 + -18 - (-5 - 48).
54
What is the value of -27 - (9 + 5 - (50 + -58))?
-49
(-14 - ((-4 - 8) + -74)) + -23
49
Calculate 560 + -566 - (-48 - (8 + (3 - 20))).
33
Evaluate -13 + -1 + (134 - (206 - 95)).
9
Evaluate 10 - 4 - ((-2 - -10) + (50 - 89)).
37
0 + (12 - 9) + 15 + (-2 - (-13 - -5))
24
Evaluate -74 + (5 - -50) + -8 + -33.
-60
Evaluate 8 + (-16 - -82) + -11 + 18.
81
What is the value of -3 + (-153 - (3 + -6)) + 222 + -193 + -24?
-148
What is the value of 8 - (29 + (31 - 28) + -58)?
34
What is -51 - (-146 + 79 + -25)?
41
Calculate (550 - 523) + 1 + -78.
-50
(5 - (2 - (4 + 55))) + (93 - 100)
55
What is -59 + 2 - 2 - 8 - 7 - (34 - 21)?
-87
Evaluate -7 + -1 + (-1 - 16) + 17.
-8
What is the value of 50 - (89 + 0 + -75)?
36
Evaluate -21 - (-5 - 27) - (2 + -3 + 32).
-20
43 - (-11 + 10 + 9 - (-7 + 0 + 9))
37
Evaluate (-49 - -31) + 7 - (1 - 9) - -81.
78
Evaluate (110 - 73 - 20) + (11 + -4 - 3).
21
What is (42 + -23 - 17) + 14 - (-20 + 4 + 1)?
31
Evaluate 4 - (-12 + 15 + 10 + 1 + -19).
9
Evaluate 19 + -1 + 15 + 19 + -45.
7
-5 - ((-84 - 2) + (-3 + 8 + -19 - -26))
69
-476 + 401 + 9 + -16
-82
Calculate 0 - (122 + -1) - (10734 + -10762).
-93
What is 102 + -47 - 10 - 25?
20
327 + -293 - (42 + -2)
-6
Evaluate 21 + (-16 - -9) - (142 + -133).
5
What is -9 + (2 + (-16 - -16) - 6) + -3?
-16
What is 18 - (7 - (27 + -21 - (-2 + (0 - 6))))?
25
Calculate -15 + 31 - (-16 - (-52 - -15)) - (0 + -64).
59
What is the value of -8 - (5 + -4 - (-4 + 16 + 15 + -19))?
-1
What is the value of 45 - ((0 - -13) + -14 - -20)?
26
48 - (66 + -125 + 58)
49
Calculate (-8 - 3 - (-48 + 25)) + -11.
1
Evaluate 23 - (27 + 32) - 13.
-49
Calculate -14 + (-51 - -44 - (1 + -24)) - 32.
-30
What is the value of ((6 - 7) + -5 - -3) + 15?
12
-60 + (4 - 16 - -9 - (-5 + 11 + 0))
-69
What is the value of (-13 - (-11 + 9 + -7)) + 6 + 3 + 5?
10
Calculate -1 + (7 - 26 - -3) - -71.
54
Calculate 5 - (-24 - -24 - (45 + -5 + 6 + 0)).
51
36 + (3 + -1 + 1 - (483 - 488))
44
Evaluate -21 + (-15 - -31) + (-19 - -4) + -7.
-27
What is 2 + -4 + (41 - ((11 - (2 - -26)) + 6))?
50
-7 + (-7 - -3) - (21 - (-13 - 13))
-58
Evaluate (-78 + 27 - -58) + (4 + 0 - (-1 + 3)).
9
What is the value of -55 + 38 + -46 - -86?
23
What is -8 - ((14 - -1 - (0 - -6)) + 0 + -17)?
0
Evaluate 3 + (-48 - -38) - 6.
-13
What is (7 - (8 - (-9 - -26) - -7)) + -1?
8
Calculate -10 + 46 + -10 + (-10 - -28).
44
What is the value of -58 + (-8 - 8) + 139?
65
291 + -262 + (3 - 117) + 38
-47
What is 15 + (29 - -26) + (-1 - -6 - 7) - 9?
59
Evaluate (5 - (16 - (26 - 24))) + -9 + 42.
24
-23 + -2 + 21 + -3 + 323 + -326
-10
What is the value of -21 - (-9 + (-26 - -7 - (17 - -11)))?
35
Evaluate 4 - ((200 - 238) + (10 + 0 - 2)).
34
Evaluate -48 - (9 + 122 - 201).
22
Evaluate 30 - (-15 - -55) - (-5 + 31).
-36
What is (90 - 3) + (7 + (-4 + 18 - 11) - 23)?
74
-25 + (22 - (101 + -96 - (-1 - 4)))
-13
Evaluate -4 - (-1 + 18 + -14 + 10).
-17
Calculate (46 - (84 + -23)) + (-16 - 0).
-31
What is the value of -152 + 21 + (-104 - -122)?
-113
What is (11 - 6) + 7 + (-8 + 45 - 15)?
34
What is the value of (9 - 0) + (-102 + 27 - (8 + -35))?
-39
What is the value of (0 - -5 - (57 - (61 - 2))) + 12 + 1?
20
What is -3 + 79 + -79 + (1 - 8) + 39?
29
What is -4 + -8 + (-6 - -41) + 49 - 16?
56
Calculate (-19 - ((18 - -2) + -54)) + 15.
30
Calculate -980 + 981 + 21 + (7 + -3 - 5).
21
Evaluate 0 + 37 - (-78 - (38 - 126)).
27
Calculate -12 + (5 + (1 - -3) - (15 - (8 - -1))).
-9
31 + -24 + 9 + -2 - -2
16
Evaluate (-306 - -293) + (-2 - -26) + -1.
10
-25 - (-7 + -1 + 1 + 0 + (5 - 0))
-23
What is 44 + 42 + -50 - ((3 - 3) + -2)?
38
Evaluate -5 - 35 - -8 - (61 - 85).
-8
What is -18 + -8 + 19 + -35 + 25?
-17
Calculate 11 - (895 + -916 + (22 - (-2 - -1))).
9
53 - (-16 - -31 - (-1 - 2))
35
Evaluate 8 + -1 - (33 - (89 + -71)) - 35.
-43
Evaluate -69 + (-68 - -88) - -60.
11
-21 - -3 - (-94 + 56 - -41)
-21
What is the value of 47 + -2 + (1 - 2) + -125 + 126?
45
Calculate -1 + 14 + (9 - 0 - 14) + -11 + 42.
39
Evaluate 5 + -70 - (6 - (-8 + (27 - 7))).
-59
(7 - (13 - ((-3 - -11) + -14))) + (-1 - 19)
-32
Evaluate -8 + 15 + 0 + -3 + 3 - (-9 + -27).
43
Calculate -44 + (-5 - (-28 + -15)).
-6
What is 74 + -67 + -52 + 107?
62
-37 + -39 + 123 + (15 - -4) + 2
68
What is the value of (-804 - -799) + 0 + 53 - -12?
60
Evaluate (1 - -10 - -9) + 52 + -46.
26
Calculate -28 + (-38 - (19 + -79)).
-6
What is the value of 114 - (-72 - -41) - 42?
103
What is -64 - 26 - (-232 + 219)?
-77
What is 45 + (0 - (8 + (-12 - -6))) + -5 - 6?
32
13 - (32 - (-10 - -7))
-22
Calculate -6 + 4 - -23 - (37 - 71).
55
Evaluate 339 + -265 + (-2 + 0 - 7).
65
What is 34 - (128 - (-2 - -2 - -21))?
-73
Evaluate 52 - 0 - (-10 + 0 + 330 + -321).
53
Evaluate 183 - 165 - (-4 + (26 - -9)).
-13
What is (13 - 7) + 587 + -633?
-40
Evaluate -34 - -25 - (1 + -8 - 9 - 2).
9
What is the value of (-355 - -342) + (36 - (-1 + 1))?
23
Calculate 80 - (-44 - -38 - -46).
40
Evaluate -7 + 53 - (-71 + 77).
40
(27 - 83 - (-15 + 14)) + (2 - (-1 - -1))
-53
Calculate 41 + (-9 - 1) - 60.
-29
Calculate 1 - 12 - (-145 + 116).
18
What is (50 - 36) + 71 + -32?
53
(6 + -16 - -2) + (10 + 41 - 13)
30
What is the value of -11 + (291 - 279) + (-1 - 18) - -116?
98
Evaluate -34 - (9 + 9) - (-5 + -16).
-31
What is 2 - (-67 - 2) - -8 - (-38 + 38)?
79
Evaluate -2 + 40 + 752 + -755.
35
Calculate -23 - 8 - (-31 + -45 + 59).
-14
What is 0 - 15 - 0 - ((-48 - -14) + -27)?
46
Evaluate -9 + 8 + (-19 + 6 + 14 - 1).
-1
What is the value of -159 + 162 - (-7 - (5 + -4))?
11
What is the value of (-82 - (36 + -100)) + 79?
61
What is 62 - (-17 + 0 + 17)?
62
What is -45 + (14 + 13 - 23)?
-41
What is 17 + (-26 - -9 - -7) + (-2 - 67)?
-62
Calculate (45 + -23 - 2) + -19 + 20.
21
38 + 3 + 6 + (-22 - 153)
-128
What is the value of -88 - 0 - (6322 + -6321)?
-89
Calculate (16 - (-76 - -10)) + -27 + 17.
72
Calculate 11 + 18 + 8 + -26 + (11 - (102 + -11)).
-69
Evaluate (30 - (-6 + 8 + -9)) + 19.
56
3 + -5 - -9 - (-40 + (-18 - -26) - -4)
35
What is 2 + -90 - ((-1 - 16) + (98 - 136 - -68))?
-101
-53 + (-115 - -241) - 133
-60
Evaluate 2 + -2 + -65 + 1 + -793 + 804 + -10.
-63
130 - (4 + 44) - 43
39
Evaluate -100 + 180 + 24 + -78.
26
Calculate (-4 + 16 - 22) + 7 + 11 - -58.
66
What is the value of (277 + -274 - (-1 - -2)) + (13 - -2) + 2?
19
1262 + -1242 - (1 + (-4 - 71) + 2)
92
Evaluate 3 + (11 + (3 - 14) - -4) - 39.
-32
Evaluate 1 + -3 + -3 - (32 - (17 + 11)).
-9
What is the value of (136 - 163) + (77 - 8)?
42
Calculate -8 + 2 + -29 + 4 - -12.
-19
Evaluate -5 - (6 - -18 - (44 - 7) - (4 - -2)).
14
Calculate -82 + -90 + 56 + 86.
-30
What is 166 - 139 - (55 - 5) - -55?
32
Calculate (-75 - 1) + (-7562 - -7579).
-59
What is the value of -41 + 66 + -16 + (3 - 27) + 1?
-14
What is (4 - 0 - -115) + (-274 - -244)?
89
Calculate -88 + (33 - -36) + (-3 - (1 - -15)).
-38
Evaluate -16 + (3 - 1) + 39 + -14 - 79.
-68
What is the value of -145 + 182 + (-144 - -162)?
55
What is 285 + 123 + -357 + (-2 - -3) + -10?
42
What is 34 - (-4 - -12) - (8 + 1 + 3 - 8)?
22
(4 - 37) + (51 - (-38 + 8))
48
-4 + (-41 - (29 - 113))
39
Calculate 47 - (-11 - (-13 - ((13 - (9 + -5)) + 1))).
35
Evaluate 46 + 109 + -119 + (0 - -1) + 3 + 16.
56
Evaluate -31 + (-24 + 148 - -15 - 27).
81
Evaluate 92 + (56 - (217 + -98)).
29
What is the value of -93 + 39 - (-6 + -56)?
8
Calculate -8 + 8 + -13 - (2 + 1 + 6).
-22
Evaluate -38 + (-15 - -6 - -23) - (2 + 0).
-26
Calculate -4 - -82 - 53 - (3 + -17).
39
-6 + 0 - (35 - 27 - -1) - -33
18
What is (-9 - -3) + -20 + 6 + -7 + 9?
-18
(5 - (-33 + 21)) + 5 - 6
16
What is the value of -41 + -44 + 124 + -45 + 2 + 96?
92
What is the value of -30 + (-12 + 17 - (-39 - -47))?
-33
What is -2 + -117 + (161 - 82)?
-40
Evaluate -7 - ((-1 - -34) + (-8 - (14 - 20) - 5)).
-33
What is the value of -11 - (10 + -11 + (12 - 2 - (20 + 0)))?
0
What is (-31 - (-7 - (2 - -2))) + 15 + 135?
130
(-2 - (-11 - 62) - -6) + 18 + 4
99
Calculate 21 + 36 + (15 + (-4 - 1) - 25).
42
What is the value of 34 - 1 - (-436 + 457) - (0 + 17)?
-5
What is (17 - -58) + -79 - (5 + (0 - 2))?
-7
Evaluate (111 - 105) + (0 - -18) + -10 - -10.
24
What is 21 + (12 - 0) - (0 + 